{"id":99,"date":"2022-06-22T15:22:11","date_gmt":"2022-06-22T13:22:11","guid":{"rendered":"https:\/\/omct-tunisie.org\/storytelling-ilamata\/?post_type=time_line&#038;p=99"},"modified":"2022-06-23T10:21:43","modified_gmt":"2022-06-23T08:21:43","slug":"vous-osez-porter-plainte-contre-la-police","status":"publish","type":"time_line","link":"https:\/\/omct-tunisie.org\/storytelling-ilamata\/time_line\/vous-osez-porter-plainte-contre-la-police\/","title":{"rendered":"Vous osez porter plainte contre la police!\u00a0"},"content":{"rendered":"\n<p>Le 21 octobre 2021 au soir, Badr, pr\u00e9sident de l&rsquo;association DAMJ pour l&rsquo;\u00e9galit\u00e9 et la justice, a \u00e9t\u00e9 agress\u00e9 par deux policiers dans une rue de Tunis, alors qu\u2019il rentrait chez lui. Ses agresseurs l\u2019ont fait tomber au sol et l\u2019ont rou\u00e9 de coups de poings et de pieds, lui ont \u00e9cras\u00e9 la gorge avec leur chaussure et l\u2019ont menac\u00e9 de mort. Ils lui ont dit qu\u2019ils le punissaient en raison de sa d\u00e9fense des droits des LGBTIQ++ et des plaintes d\u00e9pos\u00e9es par son organisation contre des policiers. Les agents lui ont arrach\u00e9 son t\u00e9l\u00e9phone portable et son sac contenant des papiers d\u2019identit\u00e9 et des documents de l\u2019association et sont partis, le laissant gisant au sol.<\/p>\n","protected":false},"excerpt":{"rendered":"<p>Le 21 octobre 2021 au soir, Badr, pr\u00e9sident de l&rsquo;association DAMJ pour l&rsquo;\u00e9galit\u00e9 et la justice, a \u00e9t\u00e9 agress\u00e9 par deux policiers dans une rue de Tunis, alors qu\u2019il rentrait chez lui. Ses agresseurs l\u2019ont fait tomber au sol et l\u2019ont rou\u00e9 de coups de poings et de pieds, lui ont \u00e9cras\u00e9 la gorge avec [&hellip;]<\/p>\n","protected":false},"featured_media":0,"template":"","class_list":["post-99","time_line","type-time_line","status-publish","hentry"],"yoast_head":"<!-- This site is optimized with the Yoast SEO plugin v20.9 - https:\/\/yoast.com\/wordpress\/plugins\/seo\/ -->\n<title>Vous osez porter plainte contre la police!\u00a0 - Jusqu&#039;\u00e0 quand ?<\/title>\n<meta name=\"robots\" content=\"index, follow, max-snippet:-1, max-image-preview:large, max-video-preview:-1\" \/>\n<link rel=\"canonical\" href=\"https:\/\/omct-tunisie.org\/storytelling-ilamata\/time_line\/vous-osez-porter-plainte-contre-la-police\/\" \/>\n<meta property=\"og:locale\" content=\"fr_FR\" \/>\n<meta property=\"og:type\" content=\"article\" \/>\n<meta property=\"og:title\" content=\"Vous osez porter plainte contre la police!\u00a0 - Jusqu&#039;\u00e0 quand ?\" \/>\n<meta property=\"og:description\" content=\"Le 21 octobre 2021 au soir, Badr, pr\u00e9sident de l&rsquo;association DAMJ pour l&rsquo;\u00e9galit\u00e9 et la justice, a \u00e9t\u00e9 agress\u00e9 par deux policiers dans une rue de Tunis, alors qu\u2019il rentrait chez lui. Ses agresseurs l\u2019ont fait tomber au sol et l\u2019ont rou\u00e9 de coups de poings et de pieds, lui ont \u00e9cras\u00e9 la gorge avec [&hellip;]\" \/>\n<meta property=\"og:url\" content=\"https:\/\/omct-tunisie.org\/storytelling-ilamata\/time_line\/vous-osez-porter-plainte-contre-la-police\/\" \/>\n<meta property=\"og:site_name\" content=\"Jusqu&#039;\u00e0 quand ?\" \/>\n<meta property=\"article:modified_time\" content=\"2022-06-23T08:21:43+00:00\" \/>\n<meta name=\"twitter:card\" content=\"summary_large_image\" \/>\n<meta name=\"twitter:label1\" content=\"Dur\u00e9e de lecture estim\u00e9e\" \/>\n\t<meta name=\"twitter:data1\" content=\"1 minute\" \/>\n<script type=\"application\/ld+json\" class=\"yoast-schema-graph\">{\"@context\":\"https:\/\/schema.org\",\"@graph\":[{\"@type\":\"WebPage\",\"@id\":\"https:\/\/omct-tunisie.org\/storytelling-ilamata\/time_line\/vous-osez-porter-plainte-contre-la-police\/\",\"url\":\"https:\/\/omct-tunisie.org\/storytelling-ilamata\/time_line\/vous-osez-porter-plainte-contre-la-police\/\",\"name\":\"Vous osez porter plainte contre la police!\u00a0 - Jusqu&#039;\u00e0 quand ?\",\"isPartOf\":{\"@id\":\"https:\/\/omct-tunisie.org\/storytelling-ilamata\/#website\"},\"datePublished\":\"2022-06-22T13:22:11+00:00\",\"dateModified\":\"2022-06-23T08:21:43+00:00\",\"breadcrumb\":{\"@id\":\"https:\/\/omct-tunisie.org\/storytelling-ilamata\/time_line\/vous-osez-porter-plainte-contre-la-police\/#breadcrumb\"},\"inLanguage\":\"fr-FR\",\"potentialAction\":[{\"@type\":\"ReadAction\",\"target\":[\"https:\/\/omct-tunisie.org\/storytelling-ilamata\/time_line\/vous-osez-porter-plainte-contre-la-police\/\"]}]},{\"@type\":\"BreadcrumbList\",\"@id\":\"https:\/\/omct-tunisie.org\/storytelling-ilamata\/time_line\/vous-osez-porter-plainte-contre-la-police\/#breadcrumb\",\"itemListElement\":[{\"@type\":\"ListItem\",\"position\":1,\"name\":\"Accueil\",\"item\":\"https:\/\/omct-tunisie.org\/storytelling-ilamata\/\"},{\"@type\":\"ListItem\",\"position\":2,\"name\":\"Vous osez porter plainte contre la police!\u00a0\"}]},{\"@type\":\"WebSite\",\"@id\":\"https:\/\/omct-tunisie.org\/storytelling-ilamata\/#website\",\"url\":\"https:\/\/omct-tunisie.org\/storytelling-ilamata\/\",\"name\":\"Jusqu&#039;\u00e0 quand ?\",\"description\":\"\",\"potentialAction\":[{\"@type\":\"SearchAction\",\"target\":{\"@type\":\"EntryPoint\",\"urlTemplate\":\"https:\/\/omct-tunisie.org\/storytelling-ilamata\/?s={search_term_string}\"},\"query-input\":\"required name=search_term_string\"}],\"inLanguage\":\"fr-FR\"}]}<\/script>\n<!-- \/ Yoast SEO plugin. -->","yoast_head_json":{"title":"Vous osez porter plainte contre la police!\u00a0 - Jusqu&#039;\u00e0 quand ?","robots":{"index":"index","follow":"follow","max-snippet":"max-snippet:-1","max-image-preview":"max-image-preview:large","max-video-preview":"max-video-preview:-1"},"canonical":"https:\/\/omct-tunisie.org\/storytelling-ilamata\/time_line\/vous-osez-porter-plainte-contre-la-police\/","og_locale":"fr_FR","og_type":"article","og_title":"Vous osez porter plainte contre la police!\u00a0 - Jusqu&#039;\u00e0 quand ?","og_description":"Le 21 octobre 2021 au soir, Badr, pr\u00e9sident de l&rsquo;association DAMJ pour l&rsquo;\u00e9galit\u00e9 et la justice, a \u00e9t\u00e9 agress\u00e9 par deux policiers dans une rue de Tunis, alors qu\u2019il rentrait chez lui. Ses agresseurs l\u2019ont fait tomber au sol et l\u2019ont rou\u00e9 de coups de poings et de pieds, lui ont \u00e9cras\u00e9 la gorge avec [&hellip;]","og_url":"https:\/\/omct-tunisie.org\/storytelling-ilamata\/time_line\/vous-osez-porter-plainte-contre-la-police\/","og_site_name":"Jusqu&#039;\u00e0 quand ?","article_modified_time":"2022-06-23T08:21:43+00:00","twitter_card":"summary_large_image","twitter_misc":{"Dur\u00e9e de lecture estim\u00e9e":"1 minute"},"schema":{"@context":"https:\/\/schema.org","@graph":[{"@type":"WebPage","@id":"https:\/\/omct-tunisie.org\/storytelling-ilamata\/time_line\/vous-osez-porter-plainte-contre-la-police\/","url":"https:\/\/omct-tunisie.org\/storytelling-ilamata\/time_line\/vous-osez-porter-plainte-contre-la-police\/","name":"Vous osez porter plainte contre la police!\u00a0 - Jusqu&#039;\u00e0 quand ?","isPartOf":{"@id":"https:\/\/omct-tunisie.org\/storytelling-ilamata\/#website"},"datePublished":"2022-06-22T13:22:11+00:00","dateModified":"2022-06-23T08:21:43+00:00","breadcrumb":{"@id":"https:\/\/omct-tunisie.org\/storytelling-ilamata\/time_line\/vous-osez-porter-plainte-contre-la-police\/#breadcrumb"},"inLanguage":"fr-FR","potentialAction":[{"@type":"ReadAction","target":["https:\/\/omct-tunisie.org\/storytelling-ilamata\/time_line\/vous-osez-porter-plainte-contre-la-police\/"]}]},{"@type":"BreadcrumbList","@id":"https:\/\/omct-tunisie.org\/storytelling-ilamata\/time_line\/vous-osez-porter-plainte-contre-la-police\/#breadcrumb","itemListElement":[{"@type":"ListItem","position":1,"name":"Accueil","item":"https:\/\/omct-tunisie.org\/storytelling-ilamata\/"},{"@type":"ListItem","position":2,"name":"Vous osez porter plainte contre la police!\u00a0"}]},{"@type":"WebSite","@id":"https:\/\/omct-tunisie.org\/storytelling-ilamata\/#website","url":"https:\/\/omct-tunisie.org\/storytelling-ilamata\/","name":"Jusqu&#039;\u00e0 quand ?","description":"","potentialAction":[{"@type":"SearchAction","target":{"@type":"EntryPoint","urlTemplate":"https:\/\/omct-tunisie.org\/storytelling-ilamata\/?s={search_term_string}"},"query-input":"required name=search_term_string"}],"inLanguage":"fr-FR"}]}},"time_line_date":"1633046400000","time_line_noc":"Badr, 42 ans, Tunis ","_links":{"self":[{"href":"https:\/\/omct-tunisie.org\/storytelling-ilamata\/wp-json\/wp\/v2\/time_line\/99","targetHints":{"allow":["GET"]}}],"collection":[{"href":"https:\/\/omct-tunisie.org\/storytelling-ilamata\/wp-json\/wp\/v2\/time_line"}],"about":[{"href":"https:\/\/omct-tunisie.org\/storytelling-ilamata\/wp-json\/wp\/v2\/types\/time_line"}],"wp:attachment":[{"href":"https:\/\/omct-tunisie.org\/storytelling-ilamata\/wp-json\/wp\/v2\/media?parent=99"}],"curies":[{"name":"wp","href":"https:\/\/api.w.org\/{rel}","templated":true}]}}

<p>Le 21 octobre 2021 au soir, Badr, président de l&rsquo;association DAMJ pour l&rsquo;égalité et la justice, a été agressé par deux policiers dans une rue de Tunis, alors qu’il rentrait chez lui. Ses agresseurs l’ont fait tomber au sol et l’ont roué de coups de poings et de pieds, lui ont écrasé la gorge avec leur chaussure et l’ont menacé de mort. Ils lui ont dit qu’ils le punissaient en raison de sa défense des droits des LGBTIQ++ et des plaintes déposées par son organisation contre des policiers. Les agents lui ont arraché son téléphone portable et son sac contenant des papiers d’identité et des documents de l’association et sont partis, le laissant gisant au sol.</p>

<p>Le 21 octobre 2021 au soir, Badr, président de l&rsquo;association DAMJ pour l&rsquo;égalité et la justice, a été agressé par deux policiers dans une rue de Tunis, alors qu’il rentrait chez lui. Ses agresseurs l’ont fait tomber au sol et l’ont roué de coups de poings et de pieds, lui ont écrasé la gorge avec [&hellip;]</p>

<!-- This site is optimized with the Yoast SEO plugin v20.9 - https://yoast.com/wordpress/plugins/seo/ -->
<title>Vous osez porter plainte contre la police!  - Jusqu&#039;à quand ?</title>
<meta name="robots" content="index, follow, max-snippet:-1, max-image-preview:large, max-video-preview:-1" />
<link rel="canonical" href="https://omct-tunisie.org/storytelling-ilamata/time_line/vous-osez-porter-plainte-contre-la-police/" />
<meta property="og:locale" content="fr_FR" />
<meta property="og:type" content="article" />
<meta property="og:title" content="Vous osez porter plainte contre la police!  - Jusqu&#039;à quand ?" />
<meta property="og:description" content="Le 21 octobre 2021 au soir, Badr, président de l&rsquo;association DAMJ pour l&rsquo;égalité et la justice, a été agressé par deux policiers dans une rue de Tunis, alors qu’il rentrait chez lui. Ses agresseurs l’ont fait tomber au sol et l’ont roué de coups de poings et de pieds, lui ont écrasé la gorge avec [&hellip;]" />
<meta property="og:url" content="https://omct-tunisie.org/storytelling-ilamata/time_line/vous-osez-porter-plainte-contre-la-police/" />
<meta property="og:site_name" content="Jusqu&#039;à quand ?" />
<meta property="article:modified_time" content="2022-06-23T08:21:43+00:00" />
<meta name="twitter:card" content="summary_large_image" />
<meta name="twitter:label1" content="Durée de lecture estimée" />
	<meta name="twitter:data1" content="1 minute" />
<script type="application/ld+json" class="yoast-schema-graph">{"@context":"https://schema.org","@graph":[{"@type":"WebPage","@id":"https://omct-tunisie.org/storytelling-ilamata/time_line/vous-osez-porter-plainte-contre-la-police/","url":"https://omct-tunisie.org/storytelling-ilamata/time_line/vous-osez-porter-plainte-contre-la-police/","name":"Vous osez porter plainte contre la police!  - Jusqu&#039;à quand ?","isPartOf":{"@id":"https://omct-tunisie.org/storytelling-ilamata/#website"},"datePublished":"2022-06-22T13:22:11+00:00","dateModified":"2022-06-23T08:21:43+00:00","breadcrumb":{"@id":"https://omct-tunisie.org/storytelling-ilamata/time_line/vous-osez-porter-plainte-contre-la-police/#breadcrumb"},"inLanguage":"fr-FR","potentialAction":[{"@type":"ReadAction","target":["https://omct-tunisie.org/storytelling-ilamata/time_line/vous-osez-porter-plainte-contre-la-police/"]}]},{"@type":"BreadcrumbList","@id":"https://omct-tunisie.org/storytelling-ilamata/time_line/vous-osez-porter-plainte-contre-la-police/#breadcrumb","itemListElement":[{"@type":"ListItem","position":1,"name":"Accueil","item":"https://omct-tunisie.org/storytelling-ilamata/"},{"@type":"ListItem","position":2,"name":"Vous osez porter plainte contre la police! "}]},{"@type":"WebSite","@id":"https://omct-tunisie.org/storytelling-ilamata/#website","url":"https://omct-tunisie.org/storytelling-ilamata/","name":"Jusqu&#039;à quand ?","description":"","potentialAction":[{"@type":"SearchAction","target":{"@type":"EntryPoint","urlTemplate":"https://omct-tunisie.org/storytelling-ilamata/?s={search_term_string}"},"query-input":"required name=search_term_string"}],"inLanguage":"fr-FR"}]}</script>
<!-- / Yoast SEO plugin. -->

Vous osez porter plainte contre la police!  - Jusqu&#039;à quand ?

Le 21 octobre 2021 au soir, Badr, président de l&rsquo;association DAMJ pour l&rsquo;égalité et la justice, a été agressé par deux policiers dans une rue de Tunis, alors qu’il rentrait chez lui. Ses agresseurs l’ont fait tomber au sol et l’ont roué de coups de poings et de pieds, lui ont écrasé la gorge avec [&hellip;]

Jusqu&#039;à quand ?
