{"id":96,"date":"2021-08-22T14:04:00","date_gmt":"2021-08-22T12:04:00","guid":{"rendered":"https:\/\/omct-tunisie.org\/storytelling-ilamata\/?post_type=time_line&#038;p=96"},"modified":"2022-06-23T16:38:56","modified_gmt":"2022-06-23T14:38:56","slug":"la-double-peine","status":"publish","type":"time_line","link":"https:\/\/omct-tunisie.org\/storytelling-ilamata\/time_line\/la-double-peine\/","title":{"rendered":"La double peine\u00a0"},"content":{"rendered":"\n<p>Un soir d\u2019ao\u00fbt 2021, Mehdi a \u00e9t\u00e9 victime d\u2019un braquage \u00e0 la sortie d\u2019un h\u00f4tel. La police est arriv\u00e9e mais l\u2019\u00e9change a mal tourn\u00e9 et un agent a frapp\u00e9 Mehdi. Ce dernier est all\u00e9 porter plainte au poste, mais l\u00e0-bas, au lieu d\u2019enregistrer sa plainte, les policiers l\u2019ont tabass\u00e9, agress\u00e9 sexuellement et plac\u00e9 en garde \u00e0 vue pour outrage \u00e0 agent, sans acc\u00e8s \u00e0 un avocat. Il a \u00e9t\u00e9 conduit \u00e0 l\u2019h\u00f4pital pour soigner ses blessures puis ramen\u00e9 au poste et contraint de signer un proc\u00e8s-verbal sans pouvoir le lire. Mehdi a ensuite \u00e9t\u00e9 lib\u00e9r\u00e9 mais, se sentant menac\u00e9, il a quitt\u00e9 le pays. Chaque ann\u00e9e, de nombreuses personnes sont, comme Mehdi, victimes de violences polici\u00e8res puis accus\u00e9es d\u2019outrage pour les dissuader de porter plainte.<\/p>\n","protected":false},"excerpt":{"rendered":"<p>Un soir d\u2019ao\u00fbt 2021, Mehdi a \u00e9t\u00e9 victime d\u2019un braquage \u00e0 la sortie d\u2019un h\u00f4tel. La police est arriv\u00e9e mais l\u2019\u00e9change a mal tourn\u00e9 et un agent a frapp\u00e9 Mehdi. Ce dernier est all\u00e9 porter plainte au poste, mais l\u00e0-bas, au lieu d\u2019enregistrer sa plainte, les policiers l\u2019ont tabass\u00e9, agress\u00e9 sexuellement et plac\u00e9 en garde \u00e0 vue pour outrage \u00e0 agent, sans acc\u00e8s \u00e0 un avocat. Il a \u00e9t\u00e9 conduit \u00e0 l\u2019h\u00f4pital pour soigner ses blessures puis ramen\u00e9 au poste et contraint de signer un proc\u00e8s-verbal sans pouvoir le lire. Mehdi a ensuite \u00e9t\u00e9 lib\u00e9r\u00e9 mais, se sentant menac\u00e9, il a quitt\u00e9 le pays. Chaque ann\u00e9e, de nombreuses personnes sont, comme Mehdi, victimes de violences polici\u00e8res puis accus\u00e9es d\u2019outrage pour les dissuader de porter plainte.<\/p>\n","protected":false},"featured_media":0,"template":"","class_list":["post-96","time_line","type-time_line","status-publish","hentry"],"yoast_head":"<!-- This site is optimized with the Yoast SEO plugin v20.9 - https:\/\/yoast.com\/wordpress\/plugins\/seo\/ -->\n<title>La double peine\u00a0 - Jusqu&#039;\u00e0 quand ?<\/title>\n<meta name=\"robots\" content=\"index, follow, max-snippet:-1, max-image-preview:large, max-video-preview:-1\" \/>\n<link rel=\"canonical\" href=\"https:\/\/omct-tunisie.org\/storytelling-ilamata\/time_line\/la-double-peine\/\" \/>\n<meta property=\"og:locale\" content=\"fr_FR\" \/>\n<meta property=\"og:type\" content=\"article\" \/>\n<meta property=\"og:title\" content=\"La double peine\u00a0 - Jusqu&#039;\u00e0 quand ?\" \/>\n<meta property=\"og:description\" content=\"Un soir d\u2019ao\u00fbt 2021, Mehdi a \u00e9t\u00e9 victime d\u2019un braquage \u00e0 la sortie d\u2019un h\u00f4tel. La police est arriv\u00e9e mais l\u2019\u00e9change a mal tourn\u00e9 et un agent a frapp\u00e9 Mehdi. Ce dernier est all\u00e9 porter plainte au poste, mais l\u00e0-bas, au lieu d\u2019enregistrer sa plainte, les policiers l\u2019ont tabass\u00e9, agress\u00e9 sexuellement et plac\u00e9 en garde \u00e0 vue pour outrage \u00e0 agent, sans acc\u00e8s \u00e0 un avocat. Il a \u00e9t\u00e9 conduit \u00e0 l\u2019h\u00f4pital pour soigner ses blessures puis ramen\u00e9 au poste et contraint de signer un proc\u00e8s-verbal sans pouvoir le lire. Mehdi a ensuite \u00e9t\u00e9 lib\u00e9r\u00e9 mais, se sentant menac\u00e9, il a quitt\u00e9 le pays. Chaque ann\u00e9e, de nombreuses personnes sont, comme Mehdi, victimes de violences polici\u00e8res puis accus\u00e9es d\u2019outrage pour les dissuader de porter plainte.\" \/>\n<meta property=\"og:url\" content=\"https:\/\/omct-tunisie.org\/storytelling-ilamata\/time_line\/la-double-peine\/\" \/>\n<meta property=\"og:site_name\" content=\"Jusqu&#039;\u00e0 quand ?\" \/>\n<meta property=\"article:modified_time\" content=\"2022-06-23T14:38:56+00:00\" \/>\n<meta name=\"twitter:card\" content=\"summary_large_image\" \/>\n<meta name=\"twitter:label1\" content=\"Dur\u00e9e de lecture estim\u00e9e\" \/>\n\t<meta name=\"twitter:data1\" content=\"1 minute\" \/>\n<script type=\"application\/ld+json\" class=\"yoast-schema-graph\">{\"@context\":\"https:\/\/schema.org\",\"@graph\":[{\"@type\":\"WebPage\",\"@id\":\"https:\/\/omct-tunisie.org\/storytelling-ilamata\/time_line\/la-double-peine\/\",\"url\":\"https:\/\/omct-tunisie.org\/storytelling-ilamata\/time_line\/la-double-peine\/\",\"name\":\"La double peine\u00a0 - Jusqu&#039;\u00e0 quand ?\",\"isPartOf\":{\"@id\":\"https:\/\/omct-tunisie.org\/storytelling-ilamata\/#website\"},\"datePublished\":\"2021-08-22T12:04:00+00:00\",\"dateModified\":\"2022-06-23T14:38:56+00:00\",\"breadcrumb\":{\"@id\":\"https:\/\/omct-tunisie.org\/storytelling-ilamata\/time_line\/la-double-peine\/#breadcrumb\"},\"inLanguage\":\"fr-FR\",\"potentialAction\":[{\"@type\":\"ReadAction\",\"target\":[\"https:\/\/omct-tunisie.org\/storytelling-ilamata\/time_line\/la-double-peine\/\"]}]},{\"@type\":\"BreadcrumbList\",\"@id\":\"https:\/\/omct-tunisie.org\/storytelling-ilamata\/time_line\/la-double-peine\/#breadcrumb\",\"itemListElement\":[{\"@type\":\"ListItem\",\"position\":1,\"name\":\"Accueil\",\"item\":\"https:\/\/omct-tunisie.org\/storytelling-ilamata\/\"},{\"@type\":\"ListItem\",\"position\":2,\"name\":\"La double peine\u00a0\"}]},{\"@type\":\"WebSite\",\"@id\":\"https:\/\/omct-tunisie.org\/storytelling-ilamata\/#website\",\"url\":\"https:\/\/omct-tunisie.org\/storytelling-ilamata\/\",\"name\":\"Jusqu&#039;\u00e0 quand ?\",\"description\":\"\",\"potentialAction\":[{\"@type\":\"SearchAction\",\"target\":{\"@type\":\"EntryPoint\",\"urlTemplate\":\"https:\/\/omct-tunisie.org\/storytelling-ilamata\/?s={search_term_string}\"},\"query-input\":\"required name=search_term_string\"}],\"inLanguage\":\"fr-FR\"}]}<\/script>\n<!-- \/ Yoast SEO plugin. -->","yoast_head_json":{"title":"La double peine\u00a0 - Jusqu&#039;\u00e0 quand ?","robots":{"index":"index","follow":"follow","max-snippet":"max-snippet:-1","max-image-preview":"max-image-preview:large","max-video-preview":"max-video-preview:-1"},"canonical":"https:\/\/omct-tunisie.org\/storytelling-ilamata\/time_line\/la-double-peine\/","og_locale":"fr_FR","og_type":"article","og_title":"La double peine\u00a0 - Jusqu&#039;\u00e0 quand ?","og_description":"Un soir d\u2019ao\u00fbt 2021, Mehdi a \u00e9t\u00e9 victime d\u2019un braquage \u00e0 la sortie d\u2019un h\u00f4tel. La police est arriv\u00e9e mais l\u2019\u00e9change a mal tourn\u00e9 et un agent a frapp\u00e9 Mehdi. Ce dernier est all\u00e9 porter plainte au poste, mais l\u00e0-bas, au lieu d\u2019enregistrer sa plainte, les policiers l\u2019ont tabass\u00e9, agress\u00e9 sexuellement et plac\u00e9 en garde \u00e0 vue pour outrage \u00e0 agent, sans acc\u00e8s \u00e0 un avocat. Il a \u00e9t\u00e9 conduit \u00e0 l\u2019h\u00f4pital pour soigner ses blessures puis ramen\u00e9 au poste et contraint de signer un proc\u00e8s-verbal sans pouvoir le lire. Mehdi a ensuite \u00e9t\u00e9 lib\u00e9r\u00e9 mais, se sentant menac\u00e9, il a quitt\u00e9 le pays. Chaque ann\u00e9e, de nombreuses personnes sont, comme Mehdi, victimes de violences polici\u00e8res puis accus\u00e9es d\u2019outrage pour les dissuader de porter plainte.","og_url":"https:\/\/omct-tunisie.org\/storytelling-ilamata\/time_line\/la-double-peine\/","og_site_name":"Jusqu&#039;\u00e0 quand ?","article_modified_time":"2022-06-23T14:38:56+00:00","twitter_card":"summary_large_image","twitter_misc":{"Dur\u00e9e de lecture estim\u00e9e":"1 minute"},"schema":{"@context":"https:\/\/schema.org","@graph":[{"@type":"WebPage","@id":"https:\/\/omct-tunisie.org\/storytelling-ilamata\/time_line\/la-double-peine\/","url":"https:\/\/omct-tunisie.org\/storytelling-ilamata\/time_line\/la-double-peine\/","name":"La double peine\u00a0 - Jusqu&#039;\u00e0 quand ?","isPartOf":{"@id":"https:\/\/omct-tunisie.org\/storytelling-ilamata\/#website"},"datePublished":"2021-08-22T12:04:00+00:00","dateModified":"2022-06-23T14:38:56+00:00","breadcrumb":{"@id":"https:\/\/omct-tunisie.org\/storytelling-ilamata\/time_line\/la-double-peine\/#breadcrumb"},"inLanguage":"fr-FR","potentialAction":[{"@type":"ReadAction","target":["https:\/\/omct-tunisie.org\/storytelling-ilamata\/time_line\/la-double-peine\/"]}]},{"@type":"BreadcrumbList","@id":"https:\/\/omct-tunisie.org\/storytelling-ilamata\/time_line\/la-double-peine\/#breadcrumb","itemListElement":[{"@type":"ListItem","position":1,"name":"Accueil","item":"https:\/\/omct-tunisie.org\/storytelling-ilamata\/"},{"@type":"ListItem","position":2,"name":"La double peine\u00a0"}]},{"@type":"WebSite","@id":"https:\/\/omct-tunisie.org\/storytelling-ilamata\/#website","url":"https:\/\/omct-tunisie.org\/storytelling-ilamata\/","name":"Jusqu&#039;\u00e0 quand ?","description":"","potentialAction":[{"@type":"SearchAction","target":{"@type":"EntryPoint","urlTemplate":"https:\/\/omct-tunisie.org\/storytelling-ilamata\/?s={search_term_string}"},"query-input":"required name=search_term_string"}],"inLanguage":"fr-FR"}]}},"time_line_date":"1627772400000","time_line_noc":"Mehdi, 30 ans, Cap Bon","_links":{"self":[{"href":"https:\/\/omct-tunisie.org\/storytelling-ilamata\/wp-json\/wp\/v2\/time_line\/96","targetHints":{"allow":["GET"]}}],"collection":[{"href":"https:\/\/omct-tunisie.org\/storytelling-ilamata\/wp-json\/wp\/v2\/time_line"}],"about":[{"href":"https:\/\/omct-tunisie.org\/storytelling-ilamata\/wp-json\/wp\/v2\/types\/time_line"}],"wp:attachment":[{"href":"https:\/\/omct-tunisie.org\/storytelling-ilamata\/wp-json\/wp\/v2\/media?parent=96"}],"curies":[{"name":"wp","href":"https:\/\/api.w.org\/{rel}","templated":true}]}}

<p>Un soir d’août 2021, Mehdi a été victime d’un braquage à la sortie d’un hôtel. La police est arrivée mais l’échange a mal tourné et un agent a frappé Mehdi. Ce dernier est allé porter plainte au poste, mais là-bas, au lieu d’enregistrer sa plainte, les policiers l’ont tabassé, agressé sexuellement et placé en garde à vue pour outrage à agent, sans accès à un avocat. Il a été conduit à l’hôpital pour soigner ses blessures puis ramené au poste et contraint de signer un procès-verbal sans pouvoir le lire. Mehdi a ensuite été libéré mais, se sentant menacé, il a quitté le pays. Chaque année, de nombreuses personnes sont, comme Mehdi, victimes de violences policières puis accusées d’outrage pour les dissuader de porter plainte.</p>

<!-- This site is optimized with the Yoast SEO plugin v20.9 - https://yoast.com/wordpress/plugins/seo/ -->
<title>La double peine  - Jusqu&#039;à quand ?</title>
<meta name="robots" content="index, follow, max-snippet:-1, max-image-preview:large, max-video-preview:-1" />
<link rel="canonical" href="https://omct-tunisie.org/storytelling-ilamata/time_line/la-double-peine/" />
<meta property="og:locale" content="fr_FR" />
<meta property="og:type" content="article" />
<meta property="og:title" content="La double peine  - Jusqu&#039;à quand ?" />
<meta property="og:description" content="Un soir d’août 2021, Mehdi a été victime d’un braquage à la sortie d’un hôtel. La police est arrivée mais l’échange a mal tourné et un agent a frappé Mehdi. Ce dernier est allé porter plainte au poste, mais là-bas, au lieu d’enregistrer sa plainte, les policiers l’ont tabassé, agressé sexuellement et placé en garde à vue pour outrage à agent, sans accès à un avocat. Il a été conduit à l’hôpital pour soigner ses blessures puis ramené au poste et contraint de signer un procès-verbal sans pouvoir le lire. Mehdi a ensuite été libéré mais, se sentant menacé, il a quitté le pays. Chaque année, de nombreuses personnes sont, comme Mehdi, victimes de violences policières puis accusées d’outrage pour les dissuader de porter plainte." />
<meta property="og:url" content="https://omct-tunisie.org/storytelling-ilamata/time_line/la-double-peine/" />
<meta property="og:site_name" content="Jusqu&#039;à quand ?" />
<meta property="article:modified_time" content="2022-06-23T14:38:56+00:00" />
<meta name="twitter:card" content="summary_large_image" />
<meta name="twitter:label1" content="Durée de lecture estimée" />
	<meta name="twitter:data1" content="1 minute" />
<script type="application/ld+json" class="yoast-schema-graph">{"@context":"https://schema.org","@graph":[{"@type":"WebPage","@id":"https://omct-tunisie.org/storytelling-ilamata/time_line/la-double-peine/","url":"https://omct-tunisie.org/storytelling-ilamata/time_line/la-double-peine/","name":"La double peine  - Jusqu&#039;à quand ?","isPartOf":{"@id":"https://omct-tunisie.org/storytelling-ilamata/#website"},"datePublished":"2021-08-22T12:04:00+00:00","dateModified":"2022-06-23T14:38:56+00:00","breadcrumb":{"@id":"https://omct-tunisie.org/storytelling-ilamata/time_line/la-double-peine/#breadcrumb"},"inLanguage":"fr-FR","potentialAction":[{"@type":"ReadAction","target":["https://omct-tunisie.org/storytelling-ilamata/time_line/la-double-peine/"]}]},{"@type":"BreadcrumbList","@id":"https://omct-tunisie.org/storytelling-ilamata/time_line/la-double-peine/#breadcrumb","itemListElement":[{"@type":"ListItem","position":1,"name":"Accueil","item":"https://omct-tunisie.org/storytelling-ilamata/"},{"@type":"ListItem","position":2,"name":"La double peine "}]},{"@type":"WebSite","@id":"https://omct-tunisie.org/storytelling-ilamata/#website","url":"https://omct-tunisie.org/storytelling-ilamata/","name":"Jusqu&#039;à quand ?","description":"","potentialAction":[{"@type":"SearchAction","target":{"@type":"EntryPoint","urlTemplate":"https://omct-tunisie.org/storytelling-ilamata/?s={search_term_string}"},"query-input":"required name=search_term_string"}],"inLanguage":"fr-FR"}]}</script>
<!-- / Yoast SEO plugin. -->

La double peine  - Jusqu&#039;à quand ?

Un soir d’août 2021, Mehdi a été victime d’un braquage à la sortie d’un hôtel. La police est arrivée mais l’échange a mal tourné et un agent a frappé Mehdi. Ce dernier est allé porter plainte au poste, mais là-bas, au lieu d’enregistrer sa plainte, les policiers l’ont tabassé, agressé sexuellement et placé en garde à vue pour outrage à agent, sans accès à un avocat. Il a été conduit à l’hôpital pour soigner ses blessures puis ramené au poste et contraint de signer un procès-verbal sans pouvoir le lire. Mehdi a ensuite été libéré mais, se sentant menacé, il a quitté le pays. Chaque année, de nombreuses personnes sont, comme Mehdi, victimes de violences policières puis accusées d’outrage pour les dissuader de porter plainte.

Jusqu&#039;à quand ?
